 units digit of (70 - -2) + p - -4?
7
What is the thousands digit of (-12)/(-48)*14836 - 2?
3
Let q = 1674 + -784. Suppose -116*b + 118*b = q. What is the hundreds digit of b?
4
Suppose -513 = -2*a + 3077. What is the thousands digit of a?
1
Let f = 22875 - 15691. What is the thousands digit of f?
7
Let r(o) be the second derivative of -o**5/20 - o**4/2 + 7*o**3/3 + 5*o**2 - 3*o - 6. What is the tens digit of r(-8)?
2
Let l be 4/(-16) + (-45)/(-20) - -1. Suppose -m + 383 = l*p, -4*m - 3*p + 1833 = 310. What is the units digit of m?
0
Suppose -1522 = 16*x + 1630. Let n(r) = -366*r**3. Let c be n(-1). Let u = c + x. What is the hundreds digit of u?
1
Let x = -532 + 532. Suppose x = -24*g + 18597 - 2901. What is the tens digit of g?
5
Suppose 7*k - 221 + 193 = 0. Suppose 596 = 2*v - 4*m, 3*m - 5*m = 5*v - 1538. Suppose 0 = -a + 7 - k, 3*r - v = -5*a. What is the tens digit of r?
9
Suppose 3*a - 5*a - 50 = 0. Let y be a*(168/(-15) + (2 - 2)). Suppose 2*h + 0*z - y = -z, -z - 134 = -h. What is the units digit of h?
8
Suppose 0 = -a - 3*d + 6907 + 6965, 0 = -a + 4*d + 13900. What is the ten thousands digit of a?
1
Let i(r) = -3*r**3 + 2*r**2 + 6*r + 4. Let d be i(-4). Suppose 121 = -2*o + 3*n, 2*n = -3*o - n - d. Let t = 73 + o. What is the units digit of t?
8
Suppose -8*g + 8 - 40 = 0. Let y(i) = -3*i**2 - 3*i + 4. Let t(x) = 6*x**2 + 7*x - 7. Let d(s) = g*t(s) - 9*y(s). What is the tens digit of d(7)?
3
Let a(t) = -t**3 - 14*t**2 - 11*t + 26. Let o be a(-13). Let w(h) = -h**3 + h**2 - 2*h + 147. What is the units digit of w(o)?
7
Suppose -4*l = -l + w - 305, 4*w - 87 = -l. Let g = 103 - l. Suppose -5*z - 680 = -3*q, q = -g*q - z + 216. What is the tens digit of q?
2
Let n(j) = j**3 - 12*j**2 - 14*j - 24. Let k = 47 - 156. Let m = 123 + k. What is the units digit of n(m)?
2
Suppose 24 = -9*s + 6. What is the units digit of 39/((-26)/(-12) + s)?
4
Let s be 35504/(-91) - 0 - (-2)/13. Let f = 577 + s. What is the tens digit of f?
8
Suppose 45 = -4*l - l + 4*z, 4*z = -l - 9. Suppose -10*o - 493 - 1957 = 0. What is the tens digit of (-2)/8*(o - l)?
5
Suppose 6*a - 4*a - 4*z = 0, a + 3*z = 10. What is the units digit of (308/56)/(2/a)?
1
What is the units digit of 33508 - (-45)/(-105)*42?
0
What is the thousands digit of (-67)/(11256/179136)*(-8 - (1 + -2))?
7
Let k(o) = -o**3 + 5*o**2 + 8*o - 4. Let r be k(6). Let b be (r/6)/((-2)/12). What is the tens digit of (-3250)/(-40) - (-2)/b?
8
What is the tens digit of 8*(-5)/(-160) + 299157/12 + 5?
3
Let j be (-6*3/(-15))/((-63)/(-210)). Suppose -255 = -j*f + 41. What is the tens digit of f?
7
Suppose 4*p = 3*q + 19, 0*q + 4*q + 2*p = 4. Let j be (1 + 3)*(-1)/q. Suppose 3*h = 9, i + j*h = -2 + 77. What is the tens digit of i?
6
Suppose 4*i - 20 = 0, q = -4*i + 19327 + 6954. What is the units digit of q?
1
Suppose -37*f + 1116 = -35*f. Suppose -8*d + 690 + f = 0. What is the hundreds digit of d?
1
Let k = -70 - -75. Suppose 3*c - 3*m - 151 = 230, k*m = 10. What is the tens digit of c?
2
Suppose 0 = -4*s - 4*m - 2105 + 18421, -2*m + 4080 = s. What is the hundreds digit of s?
0
Suppose 7029 = 5*v - 3*w, -213*w + 5625 = 4*v - 216*w. What is the units digit of v?
4
Let c(j) = -j**3 - 18*j**2 + 38*j - 64. Let y be c(-20). What is the units digit of ((-2424)/y)/(-1 + 2)?
1
Suppose 0 = -39*m + 34*m + 14040. Suppose -14*r + m = -2008. What is the units digit of r?
4
Suppose 28*a - 33*a = 2*t - 1125, -2*t = 10. Suppose -8766 - a = -17*i. What is the tens digit of i?
2
Let x be ((-20)/(-15))/((-4)/(-3))*155. Let w = x - -201. Suppose -8*p = -6*p - w. What is the hundreds digit of p?
1
Let f = -137 - -467. Suppose -4*v = -v + 2*l - 1025, v = -3*l + f. What is the tens digit of v?
4
Let k = 6520 + 14821. What is the units digit of k?
1
Suppose 4*m + 1769 = 281. Let z = m - -430. What is the units digit of z?
8
Let h(u) = -u**2 - 4*u + 26. Let g be h(-7). Suppose -g*w = 3*a - 0*a - 500, 3*w - 289 = -4*a. Let b = w + -40. What is the units digit of b?
3
Let o(n) = 109*n**2 - 20*n - 35. Let w = 215 - 217. What is the hundreds digit of o(w)?
4
What is the tens digit of 8 + 3374 + (-4 - 7)?
7
Suppose -13*t + 4*h - 8064 = -15*t, 5*t - 20100 = 5*h. What is the units digit of t?
4
Let v(j) = -7324*j + 4830. What is the thousands digit of v(-6)?
8
Suppose -o - 3*b = -3577 + 1075, -5*o + 12534 = 3*b. What is the tens digit of o?
0
Let x = 13020 + 5930. What is the thousands digit of x?
8
What is the hundreds digit of 6964 + 12 - (-32 - -16)?
9
Let f = 25110 + -17606. What is the tens digit of f?
0
Suppose 80*z = 76*z + 23352. Suppose -5*g - z = -26*g. What is the units digit of g?
8
Let a be 9603/12 - (-2)/(-8). Suppose 5*m = 11 + 14. Suppose -2*d - a = -m*o, -o + 5*d + 68 = -92. What is the units digit of o?
0
Let a = -22 - -30. Suppose -16*f - a = -18*f. Suppose -f*i = b - 50, -2*b - 5*i = -i - 112. What is the units digit of b?
2
Let b = 20166 + -11521. What is the units digit of b?
5
Suppose -2*m + 6*m - 3*i + 5 = 0, m - 4 = -i. Let d = 76 + m. What is the units digit of d?
7
Let v(x) = -49*x - 113. Let w = -625 + 609. What is the units digit of v(w)?
1
Suppose -p - 14 = -4*n - 5, p = -4*n + 15. Suppose c + 867 = 5*d, -n*d - 4*c = -7*c - 525. What is the units digit of d?
3
Suppose -3*w + 27 = 5*h, 0 = -5*h + 4*h + 3*w - 9. Let n be h + 10/(-2 - -3). Let d = n - -38. What is the units digit of d?
1
Let a be 1 - 1 - -7 - (-152 + -761). Let j = 1 + 3. Suppose 442 = 2*p - j*y, 6*p - 2*p + 4*y = a. What is the units digit of p?
7
Let o be ((-2)/(-5))/(4/40). Suppose -3*y - 4*f = -6*f - 11, 5*f + 8 = y. Suppose -y*h - 162 - 234 = -o*z, 4*h = 5*z - 496. What is the units digit of z?
6
Suppose -9 = -4*q + 5*b, -q - 2*b = q + 18. Let h be (0 - (-6)/q) + (-351)/(-18). Suppose -6*d + 18 = -h. What is the units digit of d?
6
What is the thousands digit of (2260 - 9)*(2/8 + 24/32)?
2
Let n = 51 + -75. Let f = -15 + n. Let g = 185 + f. What is the tens digit of g?
4
Let k(p) be the second derivative of p**3/6 + 6*p**2 + 4*p. Let n be k(-12). Suppose 16*u - 11*u - 250 = n. What is the units digit of u?
0
Suppose -7*u - 5*u - 24 = 0. What is the units digit of (-50)/(-100) + 2061/(-12)*u?
4
Suppose -5*f - 6*k = -79503, -5*k - 14005 = -f + 1939. What is the ten thousands digit of f?
1
Let n(t) = 9 + t - 6 + 8 + 8. Let x be n(-16). Suppose -4*p + 2*w + 248 = 0, x*p - 2*p - 68 = -w. What is the tens digit of p?
6
Let z(r) = -r**3 + 8*r**2 - 8*r - 21. Let i be z(6). What is the tens digit of (40 + -43)/(i/(-397))?
9
Let i(n) = -5*n**3 - 40*n**2 - 58*n - 63. Let l(u) = 6*u**3 + 41*u**2 + 60*u + 63. Let o(y) = -5*i(y) - 4*l(y). What is the units digit of o(-34)?
5
Let t(o) = 7*o**3 + 12*o**2 + 2*o - 13. Let m(n) = n**3 - n**2 - 1. Let j(z) = 4*m(z) - t(z). What is the tens digit of j(-7)?
6
Let d(l) = -l**2 + 4*l + 8. Let z be d(5). Suppose n - 5*i = 10, 5*i = z*n + i + 14. Let k(r) = -r - 4. What is the units digit of k(n)?
6
Let q(g) = g**3 - 16*g**2 - 38*g - 24. Let l be q(19). Suppose -4*b + 452 = -2*y, -2*y + 3*y + l = 3*b. What is the units digit of b?
1
Suppose 0 = -4*t - 4*q + 137448, -5*q - 68717 = -23*t + 21*t. What is the ten thousands digit of t?
3
Suppose 107*x = 5*c + 103*x - 69593, 0 = -2*c - x + 27819. What is the ten thousands digit of c?
1
Suppose 9*i - i = -4280. Let f = i + 549. What is the tens digit of f?
1
Suppose -2*i + 0*s - 2*s = 10, -3*i - 5*s - 9 = 0. Let f be i/36 + 272/9. What is the units digit of f/(-195) - -157*4/26?
4
Suppose -44172 = -12*u - 2280. What is the hundreds digit of u?
4
Suppose -10*o + 5*h = -8*o - 21327, 0 = -5*o + 6*h + 53272. What is the ten thousands digit of o?
1
Suppose -2*j + 14227 = 2*u - 2739, -25459 = -3*j - 5*u. What is the units digit of j?
8
Let f be -2*10/(-15)*3. Suppose -y = f*y - 180. Let u = -29 + y. What is the units digit of u?
7
Let h = -12 + 21. Let k be (5 - 3/(-1)) + (-9)/(-3). Suppose k*c - h*c = 134. What is the tens digit of c?
6
Let q(p) = 5*p**2 + 231*p + 26. What is the tens digit of q(-52)?
3
What is the hundreds digit of (-174)/(-24) + -8 + 80994/24?
3
Let p(g) = 91*g + 5659. What is the units digit of p(17)?
6
Let t be (2 - 0)/((-6)/(-9)). Suppose 3*c = -12, -2*c - t*c = v + 13. Suppose -113 = v*q - 8*q + 4*z, 5*q + 2*z - 587 = 0. What is the units digit of q?
7
Su